{"id":70,"date":"2026-02-10T11:19:55","date_gmt":"2026-02-10T11:19:55","guid":{"rendered":"https:\/\/brennpunktschule.arto.work\/new\/?page_id=70"},"modified":"2026-03-04T10:56:24","modified_gmt":"2026-03-04T10:56:24","slug":"home","status":"publish","type":"page","link":"https:\/\/brennpunktschule.arto.work\/new\/","title":{"rendered":"Home"},"content":{"rendered":"\n<figure itemscope itemtype=\"https:\/\/schema.org\/ImageObject\">\n\t\t\t\t<img decoding=\"async\" src=\"https:\/\/brennpunktschule.arto.work\/new\/wp-content\/uploads\/2026\/02\/About.webp\" alt=\"About\" height=\"786\" width=\"816\" title=\"About\" onerror=\"this.style.display='none'\" loading=\"lazy\" \/>\n\t<\/figure>\n\t\t<h1>\n\t\t\tKonflikte verstehen Verst\u00e4ndnis aufbauen L\u00f6sungen entwickeln\n\t\t<\/h1>\n\t\t\t<p>Sie stecken in einer Konfliktsituation.<br \/>Ich unterst\u00fctze Sie, Klarheit zu gewinnen &#8211; und den n\u00e4chsten Schritt zu finden.<\/p>\t\t\n\t\t\t<h2>Coaching und Supervision<\/h2>\n\t<p>Sie m\u00f6chten Ihre berufliche Rolle klarer sehen und sicherer handeln? Ich begleite Sie dabei, Ziele zu kl\u00e4ren und n\u00e4chste Schritte zu entwickeln.<\/p>\n\t\t\t<a href=\"https:\/\/brennpunktschule.arto.work\/new\/supervision-und-coaching\/\"  target=\"_self\">\n\t\t\t\t\t\t\tCoaching &#038; Supervision\n\t\t\t<\/a>\n\t\t\t<h2>Vermittlung und Mediation<\/h2>\n\t<p>Ein Konflikt belastet die Zusammenarbeit? Ich unterst\u00fctze Sie dabei, das Gespr\u00e4ch zu f\u00fchren &#8211; fair, strukturiert und auf Augenh\u00f6he.<\/p>\n\t\t\t<a href=\"https:\/\/brennpunktschule.arto.work\/new\/konfliktlosung-und-mediation\/\"  target=\"_self\">\n\t\t\t\t\t\t\tVermittlung &#038; Mediation\n\t\t\t<\/a>\n\t\t\t<h2>Kommunikation<\/h2>\n\t<p>Sie m\u00f6chten klar sagen, was Sie meinen &#8211; auch wenn es schwierig wird? In meinen Trainings st\u00e4rken Sie Ihre Gespr\u00e4chskompetenz f\u00fcr den Alltag.<\/p>\n\t\t\t<a href=\"https:\/\/brennpunktschule.arto.work\/new\/kommunikation\/\"  target=\"_self\">\n\t\t\t\t\t\t\tKommunikation\n\t\t\t<\/a>\n\t\t\t<h2>Mobbing<\/h2>\n\t<p>Sie beobachten Dynamiken, die nicht in Ordnung sind &#8211; oder sind selbst betroffen? Ich begleite Sie, die Situation zu kl\u00e4ren und zu handeln.<\/p>\n\t\t\t<a href=\"https:\/\/brennpunktschule.arto.work\/new\/mobbingberatung-und-pravention\/\"  target=\"_self\">\n\t\t\t\t\t\t\tMobbing\n\t\t\t<\/a>\n\t\t\t<h2>Selbstmanagement<\/h2>\n\t<p>Die Belastung w\u00e4chst, die Energie schwindet? Ich unterst\u00fctze Sie dabei, Ihre Kr\u00e4fte bewusst einzuteilen und gut f\u00fcr sich zu sorgen.<\/p>\n\t\t\t<a href=\"https:\/\/brennpunktschule.arto.work\/new\/self-management\/\"  target=\"_self\">\n\t\t\t\t\t\t\tSelbstmanagement\n\t\t\t<\/a>\n<h4>\n\t\t\tBeratung mit Erfahrung und Haltung\t<\/h4>\n<h2>\n\t\t\tJacqueline Riedo Seiler\t<\/h2>\n\t<p>Aus meinen Erfahrungen als Lehrerin und Schulleiterin weiss ich, wie belastend und energieraubend Konflikte sein k\u00f6nnen. Methoden und Wissen aus dem Konfliktmanagement und der Mediation haben mich unterst\u00fctzt diese konstruktiv anzugehen und L\u00f6sungen zu entwickeln.<\/p>\n<p>Heute begleite ich F\u00fchrungskr\u00e4fte, Lehrpersonen und Teams, die in schwierigen Situation Klarheit brauchen.<\/p>\n<p>An der ZHAW unterrichte ich Konfliktmanagement und Mediation, Selbstmanagement und Kommunikation.<\/p>\n<h3>\n\t\t\tBildungsweg\t<\/h3>\n\t<p>Ich habe meine Ausbildung zur Lehrperson der Sekundarstufe I sowie zur Schulleiterin an der P\u00e4dagogischen Hochschule Z\u00fcrich (PHZH) absolviert.<\/p>\n<p>Erg\u00e4nzend dazu verf\u00fcge ich \u00fcber eine mehrj\u00e4hrige systemische Ausbildung am Institut f\u00fcr systemische Entwicklung und Fortbildung (IEF) mit den Schwerpunkten Mediation und Supervision, die BSO-anerkannt ist.<\/p>\n<p>Regelm\u00e4ssige systemische Fortbildungen sichern die Qualit\u00e4t und Aktualit\u00e4t meiner Arbeit.<\/p>\n<figure itemscope itemtype=\"https:\/\/schema.org\/ImageObject\">\n\t\t\t\t<img decoding=\"async\" src=\"https:\/\/brennpunktschule.arto.work\/new\/wp-content\/uploads\/2026\/02\/About.webp\" alt=\"About\" height=\"786\" width=\"816\" title=\"About\" onerror=\"this.style.display='none'\" loading=\"lazy\" \/>\n\t<\/figure>\n<h5>\n\t\t\tJacqueline Riedo Seiler\t<\/h5>\n\tIm Baumgarten 24<br \/>\n8916 Jonen\n\t<a href=\"mailto:jriedo@brennpunktschule.ch\">jriedo@brennpunktschule.ch<\/a><br \/>\n<a href=\"tel:+41 79 907 02 56\">+41 79 907 02 56<\/a>\n<figure itemscope itemtype=\"https:\/\/schema.org\/ImageObject\">\n\t\t\t\t<img decoding=\"async\" src=\"https:\/\/brennpunktschule.arto.work\/new\/wp-content\/uploads\/2026\/02\/About-1.webp\" alt=\"About\" height=\"457\" width=\"816\" title=\"About\" onerror=\"this.style.display='none'\" loading=\"lazy\" \/>\n\t<\/figure>\n<h3>\n\t\t\tSo arbeite ich\t<\/h3>\n\t<p>Beratung und Coaching dauern 60 bis 90 Minuten. Eine Mediation dauert 90 Minuten.<\/p>\n<p>Schriftliche Arbeit &#8211; z. B. das Ausarbeiten von Vereinbarungen &#8211; rechne ich zum gleichen Stundensatz ab.<\/p>\n<p>Weiterbildungen f\u00fcr Schulen und Teams biete ich als Pauschale an. Darin enthalten sind Vorbereitung, Referat oder Workshop und alle Materialien.<\/p>\n<h3>\n\t\t\tPraktisches\t<\/h3>\n\t<p>Sie zahlen die Rechnung innert 30 Tagen.<\/p>\n<p>Sagen Sie einen Termin weniger als 48 Stunden vorher ab, stelle ich die vereinbarte Sitzung in Rechnung.<\/p>\n<figure itemscope itemtype=\"https:\/\/schema.org\/ImageObject\">\n\t\t\t\t<img decoding=\"async\" src=\"https:\/\/brennpunktschule.arto.work\/new\/wp-content\/uploads\/2026\/02\/About-1-1.webp\" alt=\"About (1)\" height=\"434\" width=\"776\" title=\"About (1)\" onerror=\"this.style.display='none'\" loading=\"lazy\" \/>\n\t<\/figure>\n<h3>\n\t\t\tIhre Investition\t<\/h3>\n\tEinzelberatung &amp; Coaching: 200 CHF \/ Stunde<br \/>\nTeamcoaching &amp; Mediation: 250 CHF \/ Stunde\n<p>F\u00fcr Weiterbildungen und Workshops machen wir eine Pauschale.<\/p>\n<p>Wenn das Budget eng ist, finden wir eine L\u00f6sung.<\/p>\n<h5>\n\t\t\tDer erste Schritt\t<\/h5>\n\t<p>Schreiben Sie an <strong><a href=\"mailto:jriedo@brennpunktschule.ch\">jriedo@brennpunktschule.ch<\/a><\/strong>. Wir kl\u00e4ren kurz, worum es geht &#8211; und ob ich die Richtige bin.<\/p>\n\n","protected":false},"excerpt":{"rendered":"<p>Konflikte verstehen Verst\u00e4ndnis aufbauen L\u00f6sungen entwickeln Sie stecken in einer Konfliktsituation.Ich unterst\u00fctze Sie, Klarheit zu gewinnen &#8211; und den n\u00e4chsten Schritt zu finden. Coaching und Supervision Sie m\u00f6chten Ihre berufliche Rolle klarer sehen und sicherer handeln? Ich begleite Sie dabei, Ziele zu kl\u00e4ren und n\u00e4chste Schritte zu entwickeln. Coaching &#038; Supervision Vermittlung und Mediation Ein&hellip;<\/p>\n","protected":false},"author":1,"featured_media":0,"parent":0,"menu_order":0,"comment_status":"closed","ping_status":"closed","template":"","meta":{"inline_featured_image":false,"footnotes":""},"class_list":["post-70","page","type-page","status-publish","hentry"],"_links":{"self":[{"href":"https:\/\/brennpunktschule.arto.work\/new\/wp-json\/wp\/v2\/pages\/70","targetHints":{"allow":["GET"]}}],"collection":[{"href":"https:\/\/brennpunktschule.arto.work\/new\/wp-json\/wp\/v2\/pages"}],"about":[{"href":"https:\/\/brennpunktschule.arto.work\/new\/wp-json\/wp\/v2\/types\/page"}],"author":[{"embeddable":true,"href":"https:\/\/brennpunktschule.arto.work\/new\/wp-json\/wp\/v2\/users\/1"}],"replies":[{"embeddable":true,"href":"https:\/\/brennpunktschule.arto.work\/new\/wp-json\/wp\/v2\/comments?post=70"}],"version-history":[{"count":69,"href":"https:\/\/brennpunktschule.arto.work\/new\/wp-json\/wp\/v2\/pages\/70\/revisions"}],"predecessor-version":[{"id":210,"href":"https:\/\/brennpunktschule.arto.work\/new\/wp-json\/wp\/v2\/pages\/70\/revisions\/210"}],"wp:attachment":[{"href":"https:\/\/brennpunktschule.arto.work\/new\/wp-json\/wp\/v2\/media?parent=70"}],"curies":[{"name":"wp","href":"https:\/\/api.w.org\/{rel}","templated":true}]}}

<figure itemscope itemtype="https://schema.org/ImageObject">
				<img decoding="async" src="https://brennpunktschule.arto.work/new/wp-content/uploads/2026/02/About.webp" alt="About" height="786" width="816" title="About" onerror="this.style.display='none'" loading="lazy" />
	</figure>
		<h1>
			Konflikte verstehen Verständnis aufbauen Lösungen entwickeln
		</h1>
			<p>Sie stecken in einer Konfliktsituation.<br />Ich unterstütze Sie, Klarheit zu gewinnen &#8211; und den nächsten Schritt zu finden.</p>		
			<h2>Coaching und Supervision</h2>
	<p>Sie möchten Ihre berufliche Rolle klarer sehen und sicherer handeln? Ich begleite Sie dabei, Ziele zu klären und nächste Schritte zu entwickeln.</p>
			<a href="https://brennpunktschule.arto.work/new/supervision-und-coaching/"  target="_self">
							Coaching &#038; Supervision
			</a>
			<h2>Vermittlung und Mediation</h2>
	<p>Ein Konflikt belastet die Zusammenarbeit? Ich unterstütze Sie dabei, das Gespräch zu führen &#8211; fair, strukturiert und auf Augenhöhe.</p>
			<a href="https://brennpunktschule.arto.work/new/konfliktlosung-und-mediation/"  target="_self">
							Vermittlung &#038; Mediation
			</a>
			<h2>Kommunikation</h2>
	<p>Sie möchten klar sagen, was Sie meinen &#8211; auch wenn es schwierig wird? In meinen Trainings stärken Sie Ihre Gesprächskompetenz für den Alltag.</p>
			<a href="https://brennpunktschule.arto.work/new/kommunikation/"  target="_self">
							Kommunikation
			</a>
			<h2>Mobbing</h2>
	<p>Sie beobachten Dynamiken, die nicht in Ordnung sind &#8211; oder sind selbst betroffen? Ich begleite Sie, die Situation zu klären und zu handeln.</p>
			<a href="https://brennpunktschule.arto.work/new/mobbingberatung-und-pravention/"  target="_self">
							Mobbing
			</a>
			<h2>Selbstmanagement</h2>
	<p>Die Belastung wächst, die Energie schwindet? Ich unterstütze Sie dabei, Ihre Kräfte bewusst einzuteilen und gut für sich zu sorgen.</p>
			<a href="https://brennpunktschule.arto.work/new/self-management/"  target="_self">
							Selbstmanagement
			</a>
<h4>
			Beratung mit Erfahrung und Haltung	</h4>
<h2>
			Jacqueline Riedo Seiler	</h2>
	<p>Aus meinen Erfahrungen als Lehrerin und Schulleiterin weiss ich, wie belastend und energieraubend Konflikte sein können. Methoden und Wissen aus dem Konfliktmanagement und der Mediation haben mich unterstützt diese konstruktiv anzugehen und Lösungen zu entwickeln.</p>
<p>Heute begleite ich Führungskräfte, Lehrpersonen und Teams, die in schwierigen Situation Klarheit brauchen.</p>
<p>An der ZHAW unterrichte ich Konfliktmanagement und Mediation, Selbstmanagement und Kommunikation.</p>
<h3>
			Bildungsweg	</h3>
	<p>Ich habe meine Ausbildung zur Lehrperson der Sekundarstufe I sowie zur Schulleiterin an der Pädagogischen Hochschule Zürich (PHZH) absolviert.</p>
<p>Ergänzend dazu verfüge ich über eine mehrjährige systemische Ausbildung am Institut für systemische Entwicklung und Fortbildung (IEF) mit den Schwerpunkten Mediation und Supervision, die BSO-anerkannt ist.</p>
<p>Regelmässige systemische Fortbildungen sichern die Qualität und Aktualität meiner Arbeit.</p>
<figure itemscope itemtype="https://schema.org/ImageObject">
				<img decoding="async" src="https://brennpunktschule.arto.work/new/wp-content/uploads/2026/02/About.webp" alt="About" height="786" width="816" title="About" onerror="this.style.display='none'" loading="lazy" />
	</figure>
<h5>
			Jacqueline Riedo Seiler	</h5>
	Im Baumgarten 24<br />
8916 Jonen
	<a href="mailto:jriedo@brennpunktschule.ch">jriedo@brennpunktschule.ch</a><br />
<a href="tel:+41 79 907 02 56">+41 79 907 02 56</a>
<figure itemscope itemtype="https://schema.org/ImageObject">
				<img decoding="async" src="https://brennpunktschule.arto.work/new/wp-content/uploads/2026/02/About-1.webp" alt="About" height="457" width="816" title="About" onerror="this.style.display='none'" loading="lazy" />
	</figure>
<h3>
			So arbeite ich	</h3>
	<p>Beratung und Coaching dauern 60 bis 90 Minuten. Eine Mediation dauert 90 Minuten.</p>
<p>Schriftliche Arbeit &#8211; z. B. das Ausarbeiten von Vereinbarungen &#8211; rechne ich zum gleichen Stundensatz ab.</p>
<p>Weiterbildungen für Schulen und Teams biete ich als Pauschale an. Darin enthalten sind Vorbereitung, Referat oder Workshop und alle Materialien.</p>
<h3>
			Praktisches	</h3>
	<p>Sie zahlen die Rechnung innert 30 Tagen.</p>
<p>Sagen Sie einen Termin weniger als 48 Stunden vorher ab, stelle ich die vereinbarte Sitzung in Rechnung.</p>
<figure itemscope itemtype="https://schema.org/ImageObject">
				<img decoding="async" src="https://brennpunktschule.arto.work/new/wp-content/uploads/2026/02/About-1-1.webp" alt="About (1)" height="434" width="776" title="About (1)" onerror="this.style.display='none'" loading="lazy" />
	</figure>
<h3>
			Ihre Investition	</h3>
	Einzelberatung &amp; Coaching: 200 CHF / Stunde<br />
Teamcoaching &amp; Mediation: 250 CHF / Stunde
<p>Für Weiterbildungen und Workshops machen wir eine Pauschale.</p>
<p>Wenn das Budget eng ist, finden wir eine Lösung.</p>
<h5>
			Der erste Schritt	</h5>
	<p>Schreiben Sie an <strong><a href="mailto:jriedo@brennpunktschule.ch">jriedo@brennpunktschule.ch</a></strong>. Wir klären kurz, worum es geht &#8211; und ob ich die Richtige bin.</p>

<p>Konflikte verstehen Verständnis aufbauen Lösungen entwickeln Sie stecken in einer Konfliktsituation.Ich unterstütze Sie, Klarheit zu gewinnen &#8211; und den nächsten Schritt zu finden. Coaching und Supervision Sie möchten Ihre berufliche Rolle klarer sehen und sicherer handeln? Ich begleite Sie dabei, Ziele zu klären und nächste Schritte zu entwickeln. Coaching &#038; Supervision Vermittlung und Mediation Ein&hellip;</p>
